9*1). Suppose -5*p = -g - 109 - t, b*g - 153 = -3*p. List the prime factors of p.
2, 7
Let b(h) = h**2 + 8*h - 5. Let q be b(-10). Suppose 0 = y + 2*y - q. Suppose -2*d + y*t + 50 = 0, -d + 0*t + 2*t = -26. What are the prime factors of d?
2, 3, 5
Let o be 1*4*(-5356)/(-16). Suppose o = 7*r - 649. What are the prime factors of r?
2, 71
Let w(f) = 2*f**2 + 23*f + 44. What are the prime factors of w(-19)?
7, 47
Suppose -2*w = -2*g + 428, 2*w + 2*w - 1052 = -5*g. Suppose 74 = -2*s + g. List the prime factors of s.
3, 23
Suppose 0 = b - 5*b + 4. Suppose 2*j - b - 9 = 0. Suppose j*r + 1 - 96 = 0. What are the prime factors of r?
19
Suppose 2*k + 417 - 1387 = 0. List the prime factors of k.
5, 97
Suppose -2*g + g - 79 = 5*h, h = 3*g - 19. Let i = 30 + h. List the prime factors of i.
2, 7
Let u(q) = -q**3 + 8*q**2 + 11*q - 13. Let t be u(9). Suppose 3*b - 139 = t*w, 4*b + w - 190 = 3*w. List the prime factors of b.
2, 3
Let r be 6/(-2) + 3 + 0. Suppose -5*c = 10, -x + r = -3*c - 44. List the prime factors of x.
2, 19
Let h(l) = -191*l + 510. What are the prime factors of h(-14)?
2, 199
Let l = 2566 + -1306. What are the prime factors of l?
2, 3, 5, 7
Suppose -2*y + 3*y = -93. List the prime factors of 3/(-6)*y - (-1)/(-2).
2, 23
Let s be -163 + (-2 + -6 - -4). Let l = s + 241. What are the prime factors of l?
2, 37
Let g(k) = k**3 - 7*k**2 + 8*k + 10. Suppose -4*y + 21 = -y. List the prime factors of g(y).
2, 3, 11
Let p = 14 + -11. Let z(i) = -5*i**3 - 4*i**2 - 2*i + 5. Let l(b) = 4*b**3 + 4*b**2 + b - 4. Let r(f) = p*z(f) + 4*l(f). List the prime factors of r(-4).
7
Let x = 1832 - 1176. What are the prime factors of x?
2, 41
Let p(f) = f**3 + f**2 + 2*f + 37. Let j = 1 + -1. List the prime factors of p(j).
37
Let i = 7 - 4. Suppose -r + i - 13 = 0. Let h(s) = -4*s + 4. What are the prime factors of h(r)?
2, 11
Suppose -3*c + 3*b + 0*b = -504, 0 = -2*b + 2. Suppose 0*x + 68 = x - 3*p, 2*x = -5*p + c. List the prime factors of x.
7, 11
Suppose 0 = -28*f + 2006 + 91990. What are the prime factors of f?
3, 373
Suppose 12 = -5*k + 8*k. Suppose -5*j - k = -6*j. Suppose -4*x = -5*h - 83, -x + 4*h = j*x - 115. List the prime factors of x.
3
Let o = 11 + -11. Suppose o = -2*d - 4*b - 33 - 85, -3*b + 203 = -4*d. Let g = 89 + d. What are the prime factors of g?
2, 3
Suppose 14 = k + 79. Let x = 172 + k. What are the prime factors of x?
107
Let w(l) = -l**3 - 3*l**2 - 2*l - 3. Let r be w(-3). Suppose -71 = r*y + 16. What are the prime factors of -2 - (3 + (y - 0))?
2, 3
Suppose 4*j + 8 = 5*n, -1 = 4*j + 7. Suppose n = -2*h - 0*h + 78. What are the prime factors of h?
3, 13
Let j(x) = 2*x**2 - 2*x. Let q be j(2). Suppose -5*a - 4*c = -396, -a + 4*c + 404 = q*a. List the prime factors of a.
2, 5
Suppose -3*j + 1518 = 3*u, 4*j + j + 3*u = 2538. Suppose 3*b + 678 = 3*v + v, 3*b + j = 3*v. List the prime factors of v.
2, 3, 7
Let h(n) = 3*n**3 - 23*n**2 - 33*n + 11. Let m(b) = 5*b**3 - 35*b**2 - 50*b + 17. Let i(c) = 8*h(c) - 5*m(c). What are the prime factors of i(-8)?
3, 17
Suppose 0 = o + 2*m - 4*m - 301, -4*o = 2*m - 1204. What are the prime factors of o?
7, 43
Let l be (2 - 160)*(2/(-1) - -3). Let d = l + 278. List the prime factors of d.
2, 3, 5
Suppose -j - 3*w = 2, 0*j + 5*j - 16 = -2*w. Suppose -2*l = -j*y + 34, -3*l + 8*l = -4*y + 41. List the prime factors of y.
3
Suppose 0 = -30*u + 34*u - 68. Let s = -25 + 58. Let l = s - u. List the prime factors of l.
2
Let u(l) = l**3 - 2*l**2 - 19*l - 1. What are the prime factors of u(7)?
3, 37
Suppose 37 = -0*d + 2*d + j, -68 = -3*d - 4*j. Suppose c - d = 17. What are the prime factors of c?
3, 11
Let f(z) = 18*z**2 - 5*z - 158. What are the prime factors of f(-11)?
5, 83
Suppose 0 = 2*j + j + v - 111, 4*j = 4*v + 148. Let w = -47 - j. List the prime factors of w/15*10/(-4).
2, 7
Let b = -6 + 11. Suppose 3*a = b*a - 6. Suppose -x - 50 = -3*x - 4*s, 5*x = a*s + 151. What are the prime factors of x?
29
Let d(g) = 210*g**2 + g - 1. Let c be d(1). Let f = 29 - 33. What are the prime factors of (f/(-12))/(2/c)?
5, 7
Let m(p) = -22*p - 43. List the prime factors of m(-7).
3, 37
Let n(m) = -m**2 - 11*m - 20. Let a be n(-8). List the prime factors of -3 + (272/4 - a).
61
Let l be 11/((-33)/(-6))*-2. What are the prime factors of ((-57)/(-2))/(2/(-80)*l)?
3, 5, 19
Let k = 362 - -2234. What are the prime factors of k?
2, 11, 59
Suppose -8 = -0*m - 3*m - 2*t, -2*m = -3*t - 27. Let b = m - 3. Let o = b - -24. What are the prime factors of o?
3
Let k = -102 + 289. Suppose -2*n - 179 = -3*j, 3*j = 5*n - n + k. What are the prime factors of j?
3, 19
Suppose -4*w + 700 = 4*n, 2*n - 3*w - 329 = 2*w. Suppose -p + 5*p = n. List the prime factors of p.
43
What are the prime factors of 0 - ((-669)/5 + (-2)/10)?
2, 67
Let p(v) = 95*v + 9*v**2 - 184*v + 99*v - v**3 + 14. What are the prime factors of p(9)?
2, 13
Suppose 3*f - 32 = 4*m, 3*f + 2*m - 3 = -1. Suppose -f*j + 839 = 111. List the prime factors of j.
2, 7, 13
Let m = 24 + -14. Suppose 4*a + 726 = m*a. What are the prime factors of a?
11
Let m(v) = -v + 40. Let s(d) = -d**3 + 4*d**2 - d - 6. Let a be s(3). List the prime factors of m(a).
2, 5
Suppose 5*w + 2*b - 3648 = 0, 0 = -4*w - 0*w - b + 2916. What are the prime factors of w?
2, 7, 13
Suppose 0 = t + 2*t + m - 110, 2*m = -3*t + 109. What are the prime factors of t?
37
Let v = -41 + 99. Suppose 3*i + 2 = 11. Suppose i*o - f = v, -f - 2 - 76 = -4*o. What are the prime factors of o?
2, 5
Let x = 1841 - 396. List the prime factors of x.
5, 17
Let d be 16/56 + 2609/7. Suppose 0 = 4*m - 4, -3*s + d = 2*s - 2*m. Suppose 0 = -5*j + 15, -3*b + b - j = -s. List the prime factors of b.
2, 3
Let a = 13 - 7. Suppose -a*o = -14 + 2. Suppose -4 = o*y - 50. List the prime factors of y.
23
Let u = 451 + 24. List the prime factors of u.
5, 19
Let y(x) = 7*x**3 - 9*x**2 + 18*x - 12. What are the prime factors of y(5)?
2, 7, 13
Let q = 37 - 39. What are the prime factors of (9 + -7)/(q/(-75))?
3, 5
What are the prime factors of (-21700)/(-8) - (-30)/(-12)?
2, 5, 271
Let z be (2/5)/((-5)/(-250)). Suppose -10*o - z = -12*o. List the prime factors of o.
2, 5
Suppose r = 12*r - 22. List the prime factors of ((-1)/r)/(22/(-1848)).
2, 3, 7
Let z(g) = g**3 + g**2 - 5*g + 7. Let v be z(-5). Let h = v - -120. List the prime factors of h.
2, 13
Let v(o) = -o**3 + 7*o**2 - o - 2. Let y be v(6). Suppose -2*u = -6*u + y. Suppose 3*s = u*s - 148. What are the prime factors of s?
37
Suppose 4*j - 8600 = -4*j. List the prime factors of j.
5, 43
Suppose y - 23 = 254. List the prime factors of y.
277
What are the prime factors of (-9)/((-45)/(-52))*-40?
2, 13
List the prime factors of (-6663)/6*6/(-8 + 5).
2221
List the prime factors of ((-118)/6)/(19 - 105696/5562).
59, 103
Let d = 13 - 8. Let v(q) = -q**2. Let x(m) = -m**2 - 5*m - 5. Let h(z) = -3*v(z) + x(z). What are the prime factors of h(d)?
2, 5
Suppose -3*h + 5*v + 7856 = 0, -v - 3*v = -5*h + 13115. What are the prime factors of h?
37, 71
Let v be (-7)/(-5) - 3/(-5). Suppose 0*g = -v*g + 4. What are the prime factors of ((-132)/(-15))/(g/5)?
2, 11
Suppose -161*d = -166*d + 8825. What are the prime factors of d?
5, 353
Let g(q) = -q**3 - 5*q**2 - 23*q - 23. List the prime factors of g(-12).
13, 97
Let g = 179 + 472. List the prime factors of g.
3, 7, 31
Let q(m) = 4*m**2 + 4*m - 1. Let y be q(-2). What are the prime factors of 100 + 1 - (2 - 42/y)?
3, 5, 7
Let v(q) be the third derivative of -q**4/12 + 3*q**3/2 + 2*q**2 + 54*q. Let o be (-2)/7 - (-61)/(-7). List the prime factors of v(o).
3
Let w(o) = -o**3 + 8*o**2 - 7*o + 5. Let h be w(7). Suppose -h*m + 70 = 5. List the prime factors of m.
13
Let i be 2/5 + (-720)/50. List the prime factors of ((-60)/(-5))/((-3)/i).
2, 7
Let m = 1681 + -1030. List the prime factors of m/105 + 2/(-10).
2, 3
Let j = 7 - 5. List the prime factors of 190 - -1*(j - 2).
2, 5, 19
Let r(j) = 11*j**2 - 9*j - 10. Let h be r(-5). Suppose -18*n = -13*n - h. List the prime factors of n.
2, 31
Let w(d) = -195*d + 146. List the prime factors of w(-5).
19, 59
Let j(p) = 22*p**3 + 2*p**2 + 6*p - 5. What are the prime factors of j(3)?
5
Suppose 6 = z - 3*z. Let j(v) = 4*v**2 + 3. List the prime factors of j(z).
3, 13
Let u(f) = -f**3 + 9*f**2 + 12*f + 2. Let r be u(11). Let y = r